{"id":21459,"date":"2025-11-26T21:42:25","date_gmt":"2025-11-27T01:42:25","guid":{"rendered":"https:\/\/www.healthcoalition.ca\/2026-lobby-federal-sur-la-colline-du-parlement-pour-lassurance-maladie-publique\/"},"modified":"2026-02-02T15:54:09","modified_gmt":"2026-02-02T19:54:09","slug":"2026-lobby-federal-sur-la-colline-du-parlement-pour-lassurance-maladie-publique","status":"publish","type":"page","link":"https:\/\/www.healthcoalition.ca\/fr\/2026-lobby-federal-sur-la-colline-du-parlement-pour-lassurance-maladie-publique\/","title":{"rendered":"2026 Lobby sur la Colline du Parlement pour l\u2019assurance-maladie publique"},"content":{"rendered":"\n<p>Deux cents travailleurs et d\u00e9fenseurs du secteur de la sant\u00e9 se rendront sur la Colline du Parlement en f\u00e9vrier pour dire aux parlementaires : Sauver les soins de sant\u00e9 publics.<\/p>\n\n\n\n<p>Dans le cadre du plus grand lobby organis\u00e9 \u00e0 ce jour par la Coalition canadienne de la sant\u00e9, nous ferons pression sur les parlementaires pour qu&#8217;ils mettent fin aux coupes budg\u00e9taires et \u00e0 la privatisation des soins de sant\u00e9, qu&#8217;ils am\u00e9liorent les conditions de travail, qu&#8217;ils \u00e9liminent le racisme dans le secteur de la sant\u00e9 et qu&#8217;ils \u00e9largissent la couverture des m\u00e9dicaments.<\/p>\n\n\n\n<p class=\"has-text-align-center\"><strong>O\u00f9 : H\u00f4tel Westin, 11 Colonel By Dr, Ottawa, ON K1N 9J1<\/strong><\/p>\n\n\n\n<p class=\"has-text-align-center\"><strong>Quand : lundi 9 au mercredi 11 f\u00e9vrier 2026<\/strong><\/p>\n\n\n\n<p class=\"has-text-align-center\"><strong>Consultez <a href=\"https:\/\/www.healthcoalition.ca\/wp-content\/uploads\/2026\/02\/save-public-health-care-agenda-FR-1-1.pdf\" target=\"_blank\" rel=\"noreferrer noopener\">le programme ici<\/a>.<\/strong><\/p>\n\n\n\n<p><\/p>\n\n\n\n<p>Le Lobby de cette ann\u00e9e comprendra :<\/p>\n\n\n\n<ul class=\"wp-block-list\">\n<li>La possibilit\u00e9 de s\u2019entretenir en personne avec des d\u00e9put\u00e9s et des s\u00e9nateurs \u00e0\nOttawa.\n<\/li>\n\n\n\n<li>Une session de formation en ligne<\/li>\n\n\n\n<li>Une trousse avec dossier complet sur le lobbying avec un sac fourre-tout et des autocollants de la Coalition canadienne de la sant\u00e9<\/li>\n\n\n\n<li>Une mini-conf\u00e9rence avec des experts<\/li>\n\n\n\n<li>R\u00e9ception avec des d\u00e9put\u00e9s et des s\u00e9nateurs<\/li>\n\n\n\n<li>C\u00e9r\u00e9monie de remise du prix Nell Toussaint<\/li>\n\n\n\n<li>Un rassemblement pour l\u2019assurance maladie publique sur la Colline <\/li>\n\n\n\n<li>Une interpr\u00e9tation simultan\u00e9e<\/li>\n<\/ul>\n\n\n\n<p>Les inscriptions sont d\u00e9sormais closes.<\/p>\n\n\n\n<p>Pour en savoir davantage sur nos activit\u00e9s de lobbying sur la Colline du Parlement, consultez le rapport sur le lobbying sur la Colline du Parlement de 2024.<\/p>\n\n\n\n<p>Pour r\u00e9pondre \u00e0 vos questions, contactez Tracy \u00e0 tglynn@healthcoalition.ca.<\/p>\n\n\n\n<p>Ajoutez cette page \u00e0 vos favoris pour recevoir les derni\u00e8res informations sur le lobby 2026.<\/p>\n\n\n\n<p><\/p>\n","protected":false},"excerpt":{"rendered":"<p>Deux cents travailleurs et d\u00e9fenseurs du secteur de la sant\u00e9 se rendront sur la Colline du Parlement en f\u00e9vrier pour\u2026<\/p>\n","protected":false},"author":129,"featured_media":0,"parent":0,"menu_order":0,"comment_status":"closed","ping_status":"closed","template":"","meta":{"give_campaign_id":0,"footnotes":""},"class_list":["post-21459","page","type-page","status-publish","hentry"],"campaignId":"","_links":{"self":[{"href":"https:\/\/www.healthcoalition.ca\/fr\/wp-json\/wp\/v2\/pages\/21459","targetHints":{"allow":["GET"]}}],"collection":[{"href":"https:\/\/www.healthcoalition.ca\/fr\/wp-json\/wp\/v2\/pages"}],"about":[{"href":"https:\/\/www.healthcoalition.ca\/fr\/wp-json\/wp\/v2\/types\/page"}],"author":[{"embeddable":true,"href":"https:\/\/www.healthcoalition.ca\/fr\/wp-json\/wp\/v2\/users\/129"}],"replies":[{"embeddable":true,"href":"https:\/\/www.healthcoalition.ca\/fr\/wp-json\/wp\/v2\/comments?post=21459"}],"version-history":[{"count":17,"href":"https:\/\/www.healthcoalition.ca\/fr\/wp-json\/wp\/v2\/pages\/21459\/revisions"}],"predecessor-version":[{"id":21834,"href":"https:\/\/www.healthcoalition.ca\/fr\/wp-json\/wp\/v2\/pages\/21459\/revisions\/21834"}],"wp:attachment":[{"href":"https:\/\/www.healthcoalition.ca\/fr\/wp-json\/wp\/v2\/media?parent=21459"}],"curies":[{"name":"wp","href":"https:\/\/api.w.org\/{rel}","templated":true}]}}

<p>Deux cents travailleurs et défenseurs du secteur de la santé se rendront sur la Colline du Parlement en février pour dire aux parlementaires : Sauver les soins de santé publics.</p>



<p>Dans le cadre du plus grand lobby organisé à ce jour par la Coalition canadienne de la santé, nous ferons pression sur les parlementaires pour qu&#8217;ils mettent fin aux coupes budgétaires et à la privatisation des soins de santé, qu&#8217;ils améliorent les conditions de travail, qu&#8217;ils éliminent le racisme dans le secteur de la santé et qu&#8217;ils élargissent la couverture des médicaments.</p>



<p class="has-text-align-center"><strong>Où : Hôtel Westin, 11 Colonel By Dr, Ottawa, ON K1N 9J1</strong></p>



<p class="has-text-align-center"><strong>Quand : lundi 9 au mercredi 11 février 2026</strong></p>



<p class="has-text-align-center"><strong>Consultez <a href="https://www.healthcoalition.ca/wp-content/uploads/2026/02/save-public-health-care-agenda-FR-1-1.pdf" target="_blank" rel="noreferrer noopener">le programme ici</a>.</strong></p>



<p></p>



<p>Le Lobby de cette année comprendra :</p>



<ul class="wp-block-list">
<li>La possibilité de s’entretenir en personne avec des députés et des sénateurs à
Ottawa.
</li>



<li>Une session de formation en ligne</li>



<li>Une trousse avec dossier complet sur le lobbying avec un sac fourre-tout et des autocollants de la Coalition canadienne de la santé</li>



<li>Une mini-conférence avec des experts</li>



<li>Réception avec des députés et des sénateurs</li>



<li>Cérémonie de remise du prix Nell Toussaint</li>



<li>Un rassemblement pour l’assurance maladie publique sur la Colline </li>



<li>Une interprétation simultanée</li>
</ul>



<p>Les inscriptions sont désormais closes.</p>



<p>Pour en savoir davantage sur nos activités de lobbying sur la Colline du Parlement, consultez le rapport sur le lobbying sur la Colline du Parlement de 2024.</p>



<p>Pour répondre à vos questions, contactez Tracy à tglynn@healthcoalition.ca.</p>



<p>Ajoutez cette page à vos favoris pour recevoir les dernières informations sur le lobby 2026.</p>



<p></p>

<p>Deux cents travailleurs et défenseurs du secteur de la santé se rendront sur la Colline du Parlement en février pour…</p>
